vided by q?
45
Let q(k) = 2*k + 6. Let a be q(-8). What is the remainder when 53 is divided by (-40)/16*56/a?
11
Let l = 3 + 5. Let t = 12 - l. Suppose 0*x = -t*x + 68. What is the remainder when x is divided by 6?
5
Let c(h) = 7 - 11 + 0 - 12 + 6*h. What is the remainder when c(7) is divided by 7?
5
Let t = 15 + 4. Suppose -t = -5*x + 6. Suppose 2*w + 57 = x*w. What is the remainder when 55 is divided by w?
17
Suppose 4 = 2*s + 5*w - 43, -4*w + 4 = 0. Suppose -4*k + 3*k = -s. Calculate the remainder when 61 is divided by k.
19
Let c = 38 - 23. Suppose 0 = 4*k + 5*a - 13, a = -2*a + c. What is the remainder when (-2)/(-3) - 10/k is divided by 2?
0
Suppose 0 = y - 4*y. Suppose y = -v + 2 - 0. Suppose -3*g + 16 = -v. What is the remainder when 9 is divided by g?
3
Let u(h) = h**3 - 2*h + 11. What is the remainder when 32 is divided by u(0)?
10
Let p = 5 - 3. Suppose 4 = p*r - 0. Let q(s) = -5*s - 6. What is the remainder when q(-2) is divided by r?
0
Suppose 0 = -4*x + k + 4*k + 29, k + 1 = 0. Let o = 87 - 66. Calculate the remainder when o is divided by x.
3
Let g = -17 + 28. Let l = 4 + g. What is the remainder when l is divided by 4?
3
Suppose -16 = f - 5*f. Let s = f - -4. Calculate the remainder when 30 is divided by s.
6
Suppose 2*k = k - 46. Let u = -16 + 40. What is the remainder when (-6 - -3)/(3/k) is divided by u?
22
Suppose -174 - 558 = -12*v. What is the remainder when v is divided by 7?
5
Let p = 7 + -5. Let d = 5 - 3. What is the remainder when d is divided by p?
0
Suppose -4*g = -7*g + 240. What is the remainder when g is divided by 27?
26
Let q(a) = -a**2 - 13*a - 13. What is the remainder when 66 is divided by q(-10)?
15
Suppose -2*f = -f - 12. Suppose -5*y + 18 = -f. Calculate the remainder when 2/(4/y) + -1 is divided by 2.
0
Let m(x) = x + 2. Let p be m(-2). Suppose p + 3 = -f. What is the remainder when 57*f/9*-2 is divided by 13?
12
Suppose -2*k = d - 29, k - 4*d = -3*k + 64. Calculate the remainder when 29 is divided by k.
14
Let r = 56 + -27. Calculate the remainder when r is divided by 10.
9
Let v(p) = -8*p**3 + 11*p**2 - 6*p - 23. Let d(b) = 3*b**3 - 4*b**2 + 2*b + 8. Let x(f) = -17*d(f) - 6*v(f). What is the remainder when x(-2) is divided by 16?
14
Suppose -2*u + 3*y - 81 = -5*u, 0 = -5*u + 2*y + 128. Calculate the remainder when 75 is divided by u.
23
Let o(k) = -k**2 + 18*k - 19. Let g(h) = h**2 - h - 5. Calculate the remainder when g(-6) is divided by o(16).
11
Suppose -3*d = -4*y - 26, 0 = 3*d + 4*y + 23 - 9. Suppose 88 = -d*k + 6*k. Suppose 3*i - k = 8. What is the remainder when 19 is divided by i?
9
Let z = 51 - 33. Calculate the remainder when 20 is divided by z.
2
Let z(y) = 2*y + 1. Let n be z(-1). Let b(x) = 43*x**3 + x. Let m be b(n). Let a = 18 - m. Calculate the remainder when a is divided by 21.
20
Let g(i) = -i**2 - 6*i + 8. Let v be g(-7). Calculate the remainder when -111*(v - (-8)/(-6)) is divided by 13.
11
Let h(z) = -z**3 + 0*z**3 + 6*z**2 - 2 + 0 - 2*z + 2*z**3. What is the remainder when 28 is divided by h(-6)?
8
Suppose -n + 0*x = -4*x, 0 = 5*n - x - 19. Suppose -n*g + 5 = g. Let u = g + 4. What is the remainder when u is divided by 2?
1
Let n be (28/4)/((-1)/(-6)). Suppose 2*j + j - n = 0. Suppose r - 82 = -r. Calculate the remainder when r is divided by j.
13
Let s(f) = f. Let g be s(5). Suppose 3*d = g*r + 32, -3*r = -2*d - d + 36. Calculate the remainder when 40 is divided by d.
12
Let y = 27 + -5. Let j be 4/6 + (-424)/(-12). What is the remainder when y is divided by (2/(-3))/((-3)/j)?
6
Let m(j) = -12*j**2 - j + 3. Let n(b) = 48*b**2 + 4*b - 13. Let w(s) = -9*m(s) - 2*n(s). What is the remainder when w(1) is divided by 4?
0
What is the remainder when (312/18)/((-4)/(-6)) is divided by 16?
10
Let v = -14 + 34. Calculate the remainder when 37 is divided by v.
17
Suppose -5*r + 4*d + 44 = 0, -2*d - 29 = -4*r - 5*d. What is the remainder when 38 is divided by r?
6
Suppose 129 - 45 = 7*t. What is the remainder when 83 is divided by t?
11
Suppose 34 = 2*a - 0*a. Let f(b) = -b. What is the remainder when a is divided by f(-5)?
2
Let z(f) = -4*f + 1. What is the remainder when z(-2) is divided by 5?
4
Let z = -94 + 158. Let s(v) = -v**2 - 5*v + 6. Let b be s(-6). Suppose 3*t + 3*q - q - 74 = b, 4*t = q + 84. Calculate the remainder when z is divided by t.
20
Suppose 4*f = -0*f. Suppose 5*o + p - 58 = f, -4*o - p + 50 = -2*p. Calculate the remainder when 46 is divided by o.
10
Let r be -1*0/(3/(-3)). Let g be ((-2)/6 + r)*-3. Suppose -5*i = -4*i - 4*t + g, -4*i + 48 = -3*t. Calculate the remainder when 43 is divided by i.
13
Let h(j) = j**2 + 3*j + 9. Let n(a) = a**3 - 6*a**2 + 5*a - 13. Calculate the remainder when h(-8) is divided by n(6).
15
Let a(k) = k. Let n(d) = -5. Let s(o) = -2*a(o) + n(o). Let q be s(-5). Suppose -q*v + 155 = -0*v. Calculate the remainder when v is divided by 11.
9
Suppose y + 2 = 17. Suppose -3*h + y = -0*h. Suppose 3*n = 5*g + 4*n - 65, 0 = n - h. Calculate the remainder when 22 is divided by g.
10
Suppose 3*i - 3*f + 25 = -2*f, -4*f = -4*i - 44. Suppose 4*p = 5*n - 106, -2*p + 85 = 4*n - 5*p. Let x = i + n. Calculate the remainder when x is divided by 9.
6
Let y(w) = -6*w + 2. Let f be y(4). Calculate the remainder when (3 - 2)/((-2)/f) is divided by 6.
5
Suppose -j = -0*j - 3. Suppose -j*b - 2*b + h + 6 = 0, -3*b - 2*h = -14. Suppose -b*k - 2*k = -168. What is the remainder when k is divided by 11?
9
Suppose -g + v + 2*v = -86, -5*v + 327 = 4*g. Calculate the remainder when g is divided by 17.
15
Suppose 3*a - 42 = -0*a. Calculate the remainder when 27 is divided by a.
13
Suppose 2*g - 466 = -3*q, g + 4*q - 5*q - 233 = 0. What is the remainder when g is divided by 13?
12
Let g(z) = -z**3 + 4*z**2 - z + 2. Let o be g(4). Let b be (-2 - -4 - 1)*-8. Calculate the remainder when 20 is divided by 29/4 - o/b.
6
Suppose 0 = 4*h + h - 15. Suppose h*k + 2 - 11 = 0. Calculate the remainder when 11 is divided by k.
2
What is the remainder when (-311)/(-5) + (-9)/45 is divided by 22?
18
Suppose -3*n + 32 = 5*m, -20 = -m - 6*n + 2*n. Suppose -m*q = -f + 7, f + q = -2*q + 21. Calculate the remainder when f is divided by 6.
3
Suppose -c + 84 = c. Let g = -71 + c. Calculate the remainder when g/(-2)*(-8 - -10) is divided by 10.
9
Calculate the remainder when 1023/22 - 2/(-4) is divided by 12.
11
Suppose -5*y = -4*y - 28. Suppose 0 = -3*l + 37 - 7. What is the remainder when y is divided by l?
8
Let g(z) = -z + 35. Calculate the remainder when g(0) is divided by 19.
16
Let k(y) = 2*y + 2 - 2 + 3*y - 1. Let c be k(-2). What is the remainder when 65 is divided by (-240)/c - (-4)/22?
21
What is the remainder when 23 is divided by -2*(-51)/(-6)*-1?
6
What is the remainder when 22/4*(-7)/(21/(-18)) is divided by 11?
0
Suppose 3*i - 6 = i. Suppose 0 = -l + i*f + 34, -3*f = -7*l + 3*l + 145. What is the remainder when l is divided by 13?
11
Let k(y) = -7*y. What is the remainder when 25 is divided by k(-1)?
4
Let a = 304 - 141. What is the remainder when a is divided by 33?
31
Let v(o) = o**2 + 4*o + 6. Calculate the remainder when 35 is divided by v(-4).
5
Let q(m) = 6*m - 1. Let p be q(5). Let r = 6 + p. Suppose 0 = 4*z + z + 25, -34 = -2*i + 2*z. What is the remainder when r is divided by i?
11
Let n(v) = 6*v - 49. What is the remainder when n(11) is divided by 6?
5
Let t = 23 - 8. Calculate the remainder when 44 is divided by t.
14
What is the remainder when 18 is divided by 1/5 + (-24)/(-5)?
3
Let u be (4/(-5))/(1/10). Let d be 12/u*(3 + -1). Let k = 7 + d. What is the remainder when k is divided by 3?
1
Let l(q) = 3*q - 7. Calculate the remainder when l(8) is divided by 7.
3
Let c(v) = 33*v**3 + v**2 + v. Let b be c(-1). Let g = 59 + b. Calculate the remainder when g is divided by 8 + (1/(-1) - -2).
8
Suppose -2*t = -7*t + 10, 5*t = 2*i - 30. Suppose 4*h - 18 = 2. Suppose -d - 223 = -5*d + 3*n, 5*d - 305 = -h*n. Calculate the remainder when d is divided by i.
18
Let f be 18/15*(-30)/(-9). Suppose 0 = 3*c - f*w - 185, 3*c + w = -0*w + 160. Suppose k = -4*k + c. Calculate the remainder when 41 is divided by k.
8
Calculate the remainder when (-250)/(-4) + (1 - -1)/(-4) is divided by 16.
14
Suppose -4*k + 20 + 4 = 0. Let d = -2 - -13. What is the remainder when d is divided by k?
5